e value of (9 - 33) + 38 + (1 + -2 - -3)?
16
Calculate 69 - (-19 - (25 + -79)).
34
Calculate -15 - (-7 - (26 + -26)).
-8
What is -1 + (-42 - 5 - -72)?
24
Evaluate 2 + (2 - -16) + 34 + -43.
11
What is (-11 - (-26 - -20)) + -11?
-16
251 - 266 - (0 + -30)
15
Calculate -23 + 5 + 0 + 24.
6
Evaluate -2 + (-7 - (3 - 6)).
-6
What is the value of (44 - 35) + (7 - 29)?
-13
What is the value of 7 + (-12 - 0 - (155 + -168))?
8
144 + -131 - (3 - (1 + 3))
14
2 + (2 + -1 - -1) + -1 - -6
9
What is the value of (-311 + 322 - (16 - 1)) + 16 + 1?
13
Calculate (-2 - -6 - 9) + (-22 - -7 - -10).
-10
What is the value of -2 + 1 + 8 - (138 - 142)?
11
-4 + 7 + 56 + -48
11
What is the value of -27 + 1 + -3 + 12 + -13?
-30
What is 6 + 0 + 31 + -36 - (6 - 4)?
-1
What is the value of (-2 - -4) + -2 - (33 - (54 - 8))?
13
What is -10 - (-1 + 4 + 41 + -45)?
-9
What is -36 - (-28 - 17) - (-1 - (-27 + 0))?
-17
What is -18 - (20 + (-15 - -4) - 0)?
-27
What is the value of 12 - (-7 + 6 + (9 - 6))?
10
Calculate 17 + (-18 - -28) - (-3 - -1 - -13).
16
Calculate (1 - -8 - 15 - (-2 + -1)) + 1.
-2
Evaluate (-26 + 12 - -4) + (-1 - 4).
-15
What is 4 + 6 - 2 - 15?
-7
Calculate (-11 - 12) + 7 + -1 + (5 - 2).
-14
Evaluate 24 - 8 - (8 + 5).
3
Evaluate 12 - ((-1 - 0) + (2 - (2 + -7))).
6
What is 2 + (0 - 0) + (0 - 10) + 4?
-4
What is the value of (0 - -5) + 1 + (1596 - 1587)?
15
Evaluate -6 + (-1 - 23) + 4.
-26
What is the value of 0 - (-15 - -16 - -10)?
-11
What is the value of (42 - 36) + (3 - -2)?
11
Calculate (-13 - -14) + 0 + (2 - -1 - -7).
11
What is the value of -21 + (14 - 8) + 26?
11
What is (-37 - 9) + 27 - -8?
-11
What is (-6 - -8) + -32 + -37 + 48?
-19
Calculate 2 + (-65 + 65 - (1 - 1)).
2
What is 18 + 7 + (4 - (7 + 2))?
20
Calculate (1 - (0 - 4)) + (18 + -22 - -4).
5
-5 + (-11 - -6) + 12
2
Evaluate (24 - -20) + -20 + -29.
-5
What is -16 + 3 + 7 - -10 - 11?
-7
What is the value of -18 + (6 - 0 - -11) + -9?
-10
Calculate (4 - -17) + (-28 - -17).
10
What is -1 + 20 - (30 - (82 - 61))?
10
What is 7 - (5 + (3 - 7) + -10 + 3)?
13
-10 + 24 - 10 - (4 - -1)
-1
-5 + -12 + (9 - 2)
-10
What is the value of 18 + (4 - (4 - (-8 + 2) - -1))?
11
Evaluate -5 - 2 - (19 + -6 + -10).
-10
What is 24 - (5 - (-14 - -5))?
10
Evaluate (6 + (-19 - 14) - (-2 + -7)) + -1.
-19
12 - 17 - -7 - (-2 + 1 - 13)
16
Calculate (4 - -6) + 2 - (-3 - -31).
-16
-7 - (-1 - 4 - (2 - (-3 - 1)))
4
0 - 8 - (66 - 100)
26
What is -7 - -3 - (-4 + -3) - (-5 - -31)?
-23
-3 + -21 + 22 + (-2 - -2 - 3)
-5
Evaluate 2 - (6 + -22) - 32.
-14
What is -8 + (4 - 5) + 1 - 0 - -17?
9
Evaluate -5 - (-24 - (-23 + 9)).
5
What is the value of 7 - (-7 - (3 - (5 + (-7 - -9))))?
10
(10 + 5 - (-1 - 0)) + (7 - 10)
13
Evaluate 5 - (-3 - 12 - 12 - (-11 - 0)).
21
Calculate -15 - (-408 - -413 - (24 - 0)).
4
What is the value of (1 + 10 - 1) + -9 + 13 + -4?
10
22 + -42 + 34 + -9
5
What is the value of (0 - (-5 - -4)) + -31 + 15 + 13?
-2
What is the value of 14 - (35 - (13 - -1))?
-7
Calculate -4 - 28 - (-78 + 30).
16
What is (-22 - -26) + 6 + (2 - 12)?
0
Calculate -10 - (-16 - -11 - 16).
11
14 + -22 - (4 - 7)
-5
Calculate -10 - (-19 + (40 - 13)).
-18
What is the value of 0 + (-23 + 54 - 19)?
12
What is (3 - 2) + (-18 - ((-3 - 3) + 2))?
-13
What is the value of 9 + 1 + -101 + 97 + 6?
12
Calculate (14 - 7) + (0 - -5 - -1).
13
-3 - -1 - (-14 - -7) - 8
-3
Calculate 3 - (24 + (24 - 32)).
-13
Calculate 10 + -19 + 2 - 2.
-9
Calculate (-6 - -2) + 8 - -9 - 33.
-20
Calculate (35 - 8) + (35 - 49).
13
Calculate 13 + -18 + (-3 - (-2 + 2)).
-8
Evaluate 15 + (-8 - (-7 + 6 + -10 + 5)).
13
What is the value of 97 - 100 - (12 - -1) - (2 - 8)?
-10
10 + 4 + 5 + -36 + 6
-11
What is -1 + 40 + (-2647 - -2602)?
-6
1 + 11 + (-37 - 1 - -29)
3
What is the value of (18 - 35) + (-7 - -22)?
-2
Calculate 13 + -23 + 8 + -32 + 15.
-19
Evaluate (3 - -22) + (-96 - -68).
-3
What is the value of (0 - 5) + 0 - (-2 + 7 + 1)?
-11
6 + -16 - (-13 + 0)
3
Evaluate -71 + 61 + -13 + 7.
-16
Evaluate 19 + -36 + 19 - (0 - -9).
-7
Evaluate -1 - (31 - 16) - (-12 - -3).
-7
(2 + -6 + 1 + 4 - 7) + -6
-12
Evaluate -10 + 23 + -3 + 3 + 3 + -9.
7
What is 0 + -2 + (29 - (-5 - -22))?
10
What is 6 - (-25 + (12 - (-14 - -17)))?
22
Evaluate 4 + 21 - 21 - 11.
-7
What is -12 + (2 - (17 + -19))?
-8
What is -11 + 6 + 0 - (6 + 1 - 42)?
30
-2 + 13 + -14 + -1 + -6 + 0
-10
What is the value of -3 + 1 + (160 + -161 - (-2 - 11))?
10
What is 26 - 46 - -26 - (29 - (-3 - 1))?
-27
What is -10 + 20 + 5 + -4?
11
-2 - 9 - (-10 + (38 - 47))
8
What is 45 + (-12 + -31 - -20)?
22
-50 + 57 - (0 - -4 - -6)
-3
Evaluate -3 + (4 - 7) + 9 + (-5 - 0).
-2
Evaluate 13 - 17 - (4 - (-11 + 6)).
-13
Evaluate (52 - 57) + -2 + 0 - (-18 - -20).
-9
What is 7 + 9 + 2 + -4 + 2 + 2?
18
What is the value of 7 - (-2 + -2) - 4 - 25?
-18
What is (-916 - -925) + (-21 - 2) + (-1 - -4)?
-11
Evaluate (-4 - -31) + (0 - ((2 - 13) + 16)).
22
Calculate -5 - (-6 + (0 - (-5 - -7)) + 25).
-22
Evaluate -7 - (4 + 0 - (24 - (-28 + 39))).
2
Calculate (9 + 1 - (12 + -9)) + -7.
0
17 + 1 + (323 - 335)
6
What is 14 + -8 + -11 + 4?
-1
Evaluate -12 + 19 - (10 - -2).
-5
What is -3 + 10 + (-8 - -16) + -22?
-7
Evaluate 40 + -14 - 29 - (-7 + 1 - 0).
3
6 + (8 - 15) - 6 - (3 - 0)
-10
What is 7 + -28 + -1 - -19?
-3
Calculate -27 + 14 + 0 + 22.
9
What is -84 - (-22 - 17) - -36?
-9
Evaluate 14 - 1 - (32 + -11 + -25).
17
What is -8 + 5 + 12 - ((0 - 0) + -2)?
11
Evaluate (4 - 0) + (214 - 219).
-1
Calculate 21 + 4 + (14 - 28).
11
Evaluate (38 - 19) + (3 - 3).
19
Evaluate -134 + 156 - (10 - -2).
10
(9 + -6 - 9 - -8) + (-3 - 1)
-2
What is (-2 - (1 + -2)) + -13 + -15 + 23?
-6
Calculate (-11 - (-6 - 5)) + -7.
-7
Evaluate ((-14 - -10) + 24 - 2) + -2 + 0.
16
-11 - -3 - (-2 + -30 - (-74 - -81))
31
Evaluate 43 + 0 - (-1101 + 1131).
13
What is -5 + 8 + 13 + -24?
-8
What is (76 - 71) + (-3 - (2 + 1))?
-1
Calculate (0 - -8) + (-1 - (5 - (6 - 2))).
6
Calculate 3 + (-15 - (11 - 12 - -3)).
-14
What is the value of 6 - 1 - (-13 + -5 + 23)?
0
(-27 - (-1 - 12)) + 17
3
What is the value of (-5 - -39) + -5 + -14?
15
Evaluate 0 - (4 + -1) - (-27 + 30) - 11.
-17
What is -29 + 27 + (-2 - -6)?
2
Evaluate 222 - 186 - (-1 + 30).
7
What is (1 + 22 + -2 - (-4 + 2)) + -6?
17
(-14 - -5 - -6) + (-22 - 0) + 3
-22
Calculate 5 + 1 - (-16 - (44 + -81)).
-15
(-4 - 3 - -4) + 16
13
Calculate (-5 - (1 + 0 - 11) - -10) + 6.
21
Calculate -20 + -5 + 6 - -43.
24
What is 11 - (7 + 14 + -4 + 3)?
-9
(-28 - 28) + 19 - -21
-16
Calculate -6 + (-6 - 4 - -5) + -1.
-12
(-32 - -65) + (-2 - 7) + 1 + 1
26
(-16 - -14) + 11 + 0 + (-2 - 0)
7
Evaluate -48 + (30 - 6) + 22.
-2
Calculate (5 - 21) + 6 + (-4 - -28).
14
What is 2 + (6 + -21 - 2)?
-15
What is -10 + (19 - 24 - -2)?
-13
What is 2 - (-29 + 11 + (-7 - (3 - -1)))?
31
Calculate 1 + -4 + 69 + -119 + 32.
-21
What is (-20 - -20) + 16 + -12?
4
23 - (-16 + 33) - -25
31
Evaluate 5 + 5 - (7 - 1) - -10.
14
What is 11 + -17 + 0 + 1 + -2 - 5?
-12
What is 14 + -1 - (3 - 4)?
14
Evaluate -3 + (-4 - (6 - (1 - -4))) + 8.
0
What is -12 + (-41 - -28) + 43?
18
Evaluate (0 + -15 - -1) + 22.
8
Evaluate (475 - 494) + 1 + 31.
13
What is the value of 14 - (55 - 18) - (0 - 7 - 1)?
-15
Calculate (-1 - -14) + (25 + -54 - -30).
14
What is the value of (-3 + -1 - -13) + -7 + 1 + -9?
-6
Evaluate -8 + 0 + (-15 - (-27 - -15 - -10)).
-21
What is (311 - 326) + -1 + -11 + -3 + 1?
-29
What is -11 + (6 - 18) - (4 + (-1 - 11))?
-15
Evaluate (1 - 1 - (-154 + 159)) + 5 + -11.
-11
Calculate (-2 - -9 - 2) + 3 + -4 + 6.
10
Evaluate -7 + (14 + 0 - (142 + -142)).
7
What is 6 + -18 - (-5 - -2 - 12)?
3
What is 5 + 0 - (-37 - -34)?
8
Evaluate -17 + 33 + -1 + -7 - 2.
6
What is 3 - (3 - 5) - (4 - -5)?
-4
(-47 - 18) + -25 + 55
-35
What is the value of -10 + (3 - 2) + -23 + 27?
-5
1 - -8 - (-4 - (-2 + 3 - 10))
4
-29 + 15 + -10 + 6
-18
Calculate 8 + (8 - (-1 + 10 - 7)).
14
Evaluate 6 - (2 + 6 + -2 + 0).
0
What is 24 + -32 - (-7 + 4 + 12)?
-17
What is 1 + (3 - 22) + (146 - 155)?
-27
Calculate 22 + (16 - 18) + -17.
3
Calculate -84 + 98 + (-19 - 0) - -42.
37
Evaluate -14 + (0 - -9) + 12.
7
Evaluate (-2 - 6 - -15) + -1 + -9.
-3
What is 0 - ((-5 - 3) + 5 - -7)?
-4
What is -2 - (17 + -20 + (5 - 3))?
-1
What is the value of 3 + -6 + -238 + 253?
12
Evaluate 23 - (-28 + 74 - 27).
4
Calculate 11 + (-7 - (-5 - -5)) - (-17 - 3).
24
Calculate (8 - 13) + (-